 5, 100621
List the prime factors of 522749.
522749
List the prime factors of 279416.
2, 53, 659
List the prime factors of 1669323.
3, 556441
List the prime factors of 1289401.
1289401
What are the prime factors of 7566305?
5, 373, 4057
List the prime factors of 44799.
3, 109, 137
What are the prime factors of 5111352?
2, 3, 70991
What are the prime factors of 8643834?
2, 3, 229, 233
What are the prime factors of 1481190?
2, 3, 5, 97, 509
What are the prime factors of 1257502?
2, 23, 27337
List the prime factors of 54594.
2, 3, 337
List the prime factors of 16237005.
3, 5, 1082467
What are the prime factors of 10021853?
10021853
List the prime factors of 852751.
852751
List the prime factors of 18805965.
3, 5, 173, 7247
What are the prime factors of 9311518?
2, 1039, 4481
What are the prime factors of 222324?
2, 3, 97, 191
What are the prime factors of 133846?
2, 66923
List the prime factors of 638110.
2, 5, 11, 5801
List the prime factors of 84486.
2, 3, 14081
What are the prime factors of 285416?
2, 35677
What are the prime factors of 129231?
3, 83, 173
List the prime factors of 942831.
3, 104759
What are the prime factors of 7039638?
2, 3, 103, 3797
What are the prime factors of 91533?
3, 13, 2347
What are the prime factors of 402982?
2, 201491
List the prime factors of 267535.
5, 53507
List the prime factors of 87651.
3, 9739
List the prime factors of 7542898.
2, 11, 71, 439
List the prime factors of 404190.
2, 3, 5, 499
List the prime factors of 12163635.
3, 5, 11, 8191
What are the prime factors of 176312?
2, 22039
What are the prime factors of 2565268?
2, 641317
What are the prime factors of 312138?
2, 3, 17341
What are the prime factors of 33268454?
2, 16634227
What are the prime factors of 87798?
2, 3, 14633
List the prime factors of 381849.
3, 13, 9791
What are the prime factors of 4835542?
2, 2417771
What are the prime factors of 42939?
3, 13, 367
What are the prime factors of 33257?
7, 4751
What are the prime factors of 7463559?
3, 59, 149, 283
List the prime factors of 26977390.
2, 5, 11, 23, 10663
List the prime factors of 7219310.
2, 5, 7, 151, 683
What are the prime factors of 1424938?
2, 619, 1151
List the prime factors of 40557.
3, 11, 1229
List the prime factors of 11746408.
2, 19, 77279
What are the prime factors of 922753?
13, 70981
List the prime factors of 1817337.
3, 605779
List the prime factors of 2851573.
71, 40163
List the prime factors of 251585.
5, 67, 751
What are the prime factors of 2138017?
7, 43633
What are the prime factors of 1850835?
3, 5, 7, 17627
What are the prime factors of 199962?
2, 3, 7, 23
What are the prime factors of 13200135?
3, 5, 13, 139, 487
List the prime factors of 314394.
2, 3, 61, 859
List the prime factors of 9219291.
3, 283, 10859
List the prime factors of 715610.
2, 5, 7, 10223
What are the prime factors of 9739154?
2, 1741, 2797
What are the prime factors of 4109504?
2, 7, 9173
List the prime factors of 1451676.
2, 3, 19, 6367
List the prime factors of 2833706.
2, 29, 48857
What are the prime factors of 246758?
2, 123379
List the prime factors of 68018.
2, 71, 479
What are the prime factors of 4687879?
7, 29, 3299
List the prime factors of 1093015.
5, 7, 11, 17, 167
List the prime factors of 12589676.
2, 11, 286129
List the prime factors of 1190261.
1190261
What are the prime factors of 246683?
246683
What are the prime factors of 1515666?
2, 3, 252611
List the prime factors of 6551178.
2, 3, 1091863
What are the prime factors of 307500?
2, 3, 5, 41
What are the prime factors of 697344?
2, 3, 227
What are the prime factors of 30685?
5, 17, 19
What are the prime factors of 239892?
2, 3, 19991
What are the prime factors of 7087663?
11, 281, 2293
List the prime factors of 7884309.
3, 2628103
What are the prime factors of 235530?
2, 3, 5, 2617
List the prime factors of 1269269.
103, 12323
List the prime factors of 1572882.
2, 3, 262147
What are the prime factors of 11835219?
3, 11, 29, 83, 149
List the prime factors of 1940173.
1940173
List the prime factors of 14999735.
5, 1231, 2437
List the prime factors of 445892.
2, 19, 5867
List the prime factors of 538547.
137, 3931
List the prime factors of 405908.
2, 101477
What are the prime factors of 6053452?
2, 73, 20731
List the prime factors of 1693113.
3, 564371
List the prime factors of 13812309.
3, 7, 107, 683
What are the prime factors of 3579199?
13, 275323
What are the prime factors of 31069122?
2, 3, 7, 37, 19993
List the prime factors of 1833320.
2, 5, 45833
What are the prime factors of 6668849?
11, 439, 1381
List the prime factors of 75827.
191, 397
What are the prime factors of 32045904?
2, 3, 11, 20231
What are the prime factors of 176272?
2, 23, 479
List the prime factors of 391811.
7, 223, 251
List the prime factors of 7026197.
7026197
List the prime factors of 95684.
2, 19, 1259
What are the prime factors of 1564019?
47, 107, 311
List the prime factors of 2074201.
2074201
List the prime factors of 1328734.
2, 11, 60397
List the prime factors of 1385847.
3, 43, 3581
What are the prime factors of 169848?
2, 3, 7, 337
List the prime factors of 513412.
2, 37, 3469
List the prime factors of 28707.
3, 7, 1367
What are the prime factors of 1250507?
1250507
What are the prime factors of 8914557?
3, 739, 4021
List the prime factors of 8782080.
2, 3, 5, 2287
What are the prime factors of 4401478?
2, 2200739
What are the prime factors of 163474?
2, 81737
What are the prime factors of 72616?
2, 29, 313
List the prime factors of 327902.
2, 19, 8629
List the prime factors of 1555337.
7, 83, 2677
List the prime factors of 24519555.
3, 5, 544879
List the prime factors of 248480.
2, 5, 1553
What are the prime factors of 70419?
3, 23473
What are the prime factors of 1843955?
5, 368791
What are the prime factors of 502329?
3, 167443
What are the prime factors of 239971?
31, 7741
What are the prime factors of 163927?
163927
What are the prime factors of 2579076?
2, 3, 31, 2311
What are the prime factors of 3344183?
311, 10753
List the prime factors of 12878.
2, 47, 137
List the prime factors of 319624.
2, 39953
List the prime factors of 1176237.
3, 130693
What are the prime factors of 121203?
3, 67
What are the prime factors of 115720?
2, 5, 11, 263
List the prime factors of 6120461.
23, 281, 947
List the prime factors of 5399664.
2, 3, 23, 67, 73
List the prime factors of 2092940.
2, 5, 227, 461
What are the prime factors of 1074646?
2, 31, 17333
List the prime factors of 2384070.
2, 3, 5, 13, 6113
What are the prime factors of 876770?
2, 5, 43, 2039
What are the prime factors of 1484547?
3, 494849
What are the prime factors of 394089?
3, 131363
List the prime factors of 2378436.
2, 3, 17, 89, 131
What are the prime factors of 43634?
2, 21817
List the prime factors of 137695.
5, 27539
List the prime factors of 285380.
2, 5, 19, 751
What are the prime factors of 435465?
3, 5, 9677
What are the prime factors of 3399600?
2, 3, 5, 2833
What are the prime factors of 1707858?
2, 3, 31627
What are the prime factors of 21981424?
2, 1373839
List the prime factors of 1431527.
29, 49363
List the prime factors of 47165.
5, 9433
What are the prime factors of 42169?
42169
List the prime factors of 90652.
2, 131, 173
What are the prime factors of 29651?
149, 199
List the prime factors of 2881375.
5, 7, 37, 89
What are the prime factors of 224929?
224929
List the prime factors of 2235975.
3, 5, 7, 4259
List the prime factors of 1698069.
3, 566023
What are the prime factors of 286450?
2, 5, 17, 337
List the prime factors of 1024959.
3, 13, 41, 641
What are the prime factors of 2878006?
2, 19, 53, 1429
What are the prime factors of 5976377?
11, 543307
List the prime factors of 207749.
83, 2503
What are the prime factors of 1740401?
13, 133877
List the prime factors of 9122201.
11, 53, 15647
What are the prime factors of 155976?
2, 3, 67, 97
List the prime factors of 1523208.
2, 3, 63467
What are the prime factors of 3511423?
43, 127, 643
What are the prime factors of 1433922?
2, 3, 7, 34141
What are the prime factors of 256439?
101, 2539
What are the prime factors of 4268667?
3, 13, 109453
What are the prime factors of 20994?
2, 3, 3499
What are the prime factors of 324094?
2, 131, 1237
List the prime factors of 1025875.
5, 29, 283
List the prime factors of